{"id":3690,"date":"2020-06-01T01:34:40","date_gmt":"2020-06-01T01:34:40","guid":{"rendered":"http:\/\/www.genesesolution.com\/finland\/?page_id=3690"},"modified":"2021-08-04T09:28:43","modified_gmt":"2021-08-04T09:28:43","slug":"development","status":"publish","type":"page","link":"https:\/\/www.genesesolution.com\/finland\/development\/","title":{"rendered":"Ohjelmistokehitys"},"content":{"rendered":"\n[et_pb_section fb_built=&#8221;1&#8243; _builder_version=&#8221;4.4.6&#8243; background_color=&#8221;#155a73&#8243; background_image=&#8221;https:\/\/www.genesesolution.com\/finland\/wp-content\/uploads\/sites\/2\/2020\/06\/development.png&#8221; background_position=&#8221;center_right&#8221; da_disable_devices=&#8221;off|off|off&#8221; da_is_popup=&#8221;off&#8221; da_exit_intent=&#8221;off&#8221; da_has_close=&#8221;on&#8221; da_alt_close=&#8221;off&#8221; da_dark_close=&#8221;off&#8221; da_not_modal=&#8221;on&#8221; da_is_singular=&#8221;off&#8221; da_with_loader=&#8221;off&#8221; da_has_shadow=&#8221;on&#8221;][et_pb_row column_structure=&#8221;1_2,1_2&#8243; _builder_version=&#8221;4.4.6&#8243;][et_pb_column type=&#8221;1_2&#8243; _builder_version=&#8221;4.4.6&#8243;][et_pb_text _builder_version=&#8221;4.9.4&#8243; text_text_color=&#8221;#ffffff&#8221; header_text_color=&#8221;#ffffff&#8221; header_2_text_color=&#8221;#ffffff&#8221; header_3_text_color=&#8221;#ffffff&#8221; hover_enabled=&#8221;0&#8243; sticky_enabled=&#8221;0&#8243;]<h6>Palvelumme<\/h6>\n<h1><span data-sheets-value=\"{&quot;1&quot;:2,&quot;2&quot;:&quot;Ohjelmistokehitys&quot;}\" data-sheets-userformat=\"{&quot;2&quot;:14593,&quot;3&quot;:{&quot;1&quot;:0,&quot;3&quot;:1},&quot;11&quot;:4,&quot;14&quot;:{&quot;1&quot;:3,&quot;3&quot;:1},&quot;15&quot;:&quot;Montserrat&quot;,&quot;16&quot;:10}\">Ohjelmistokehitys<\/span><\/h1>\n<p><span data-sheets-value=\"{&quot;1&quot;:2,&quot;2&quot;:&quot;Kokeneista asiantuntijoista koostuva tiimimme toimittaa luotettavia ja skaalautuvia ohjelmistoja mille tahansa k\u00e4ytt\u00f6j\u00e4rjestelm\u00e4lle, selaimelle tai laitteelle. Ohjelmistokehityksess\u00e4mme yhdistyy tekninen taitavuus, vahva alan asiantuntemus sek\u00e4 viimeisimm\u00e4t IT-alan edistysaskeleet \u2013 n\u00e4in toimitamme asiakkaillemme vain heid\u00e4n tarpeisiinsa r\u00e4\u00e4t\u00e4l\u00f6ityj\u00e4 tuotteita.&quot;}\" data-sheets-userformat=\"{&quot;2&quot;:14593,&quot;3&quot;:{&quot;1&quot;:0,&quot;3&quot;:1},&quot;11&quot;:4,&quot;14&quot;:{&quot;1&quot;:3,&quot;3&quot;:1},&quot;15&quot;:&quot;Montserrat&quot;,&quot;16&quot;:10}\">Kokeneista asiantuntijoista koostuva tiimimme toimittaa luotettavia ja skaalautuvia ohjelmistoja mille tahansa k\u00e4ytt\u00f6j\u00e4rjestelm\u00e4lle, selaimelle tai laitteelle. Ohjelmistokehityksess\u00e4mme yhdistyy tekninen taitavuus, vahva alan asiantuntemus sek\u00e4 viimeisimm\u00e4t IT-alan edistysaskeleet \u2013 n\u00e4in toimitamme asiakkaillemme vain heid\u00e4n tarpeisiinsa r\u00e4\u00e4t\u00e4l\u00f6ityj\u00e4 tuotteita.<\/span><\/p>[\/et_pb_text][\/et_pb_column][et_pb_column type=&#8221;1_2&#8243; _builder_version=&#8221;4.4.6&#8243;][\/et_pb_column][\/et_pb_row][\/et_pb_section][et_pb_section fb_built=&#8221;1&#8243; _builder_version=&#8221;4.4.6&#8243; da_disable_devices=&#8221;off|off|off&#8221; da_is_popup=&#8221;off&#8221; da_exit_intent=&#8221;off&#8221; da_has_close=&#8221;on&#8221; da_alt_close=&#8221;off&#8221; da_dark_close=&#8221;off&#8221; da_not_modal=&#8221;on&#8221; da_is_singular=&#8221;off&#8221; da_with_loader=&#8221;off&#8221; da_has_shadow=&#8221;on&#8221;][et_pb_row column_structure=&#8221;1_5,3_5,1_5&#8243; _builder_version=&#8221;4.4.6&#8243;][et_pb_column type=&#8221;1_5&#8243; _builder_version=&#8221;4.4.6&#8243;][\/et_pb_column][et_pb_column type=&#8221;3_5&#8243; _builder_version=&#8221;4.4.6&#8243;][et_pb_text _builder_version=&#8221;4.4.6&#8243;]<p style=\"text-align: center;\"><span data-sheets-value=\"{&quot;1&quot;:2,&quot;2&quot;:&quot;Voit luottaa ohjelmistotuotteidesi kokonaisvaltaisen toimeenpanon meille, sill\u00e4 k\u00e4yt\u00f6ss\u00e4mme on vain huippuluokan tuotekehitysmenetelmi\u00e4 (verkko- ja mobiilisovelluskehitys, massadata-analytiikka, DevOps, laadunvarmistus sek\u00e4 ohjelmistotestaus). Luovuta projektisi meille ja mahdollista digitaalinen muutos.&quot;}\" data-sheets-userformat=\"{&quot;2&quot;:14593,&quot;3&quot;:{&quot;1&quot;:0,&quot;3&quot;:1},&quot;11&quot;:4,&quot;14&quot;:{&quot;1&quot;:3,&quot;3&quot;:1},&quot;15&quot;:&quot;Montserrat&quot;,&quot;16&quot;:10}\">Voit luottaa ohjelmistotuotteidesi kokonaisvaltaisen toimeenpanon meille, sill\u00e4 k\u00e4yt\u00f6ss\u00e4mme on vain huippuluokan tuotekehitysmenetelmi\u00e4 (verkko- ja mobiilisovelluskehitys, massadata-analytiikka, DevOps, laadunvarmistus sek\u00e4 ohjelmistotestaus). Luovuta projektisi meille ja mahdollista digitaalinen muutos.<\/span><\/p>[\/et_pb_text][\/et_pb_column][et_pb_column type=&#8221;1_5&#8243; _builder_version=&#8221;4.4.6&#8243;][\/et_pb_column][\/et_pb_row][et_pb_row column_structure=&#8221;1_5,1_5,1_5,1_5,1_5&#8243; make_equal=&#8221;on&#8221; _builder_version=&#8221;4.4.6&#8243; custom_margin=&#8221;60px||||false|false&#8221; custom_margin_tablet=&#8221;&#8221; custom_margin_phone=&#8221;30px||||false|false&#8221; custom_margin_last_edited=&#8221;on|phone&#8221;][et_pb_column type=&#8221;1_5&#8243; _builder_version=&#8221;4.4.6&#8243;][et_pb_blurb title=&#8221;Sovellusten kehitt\u00e4minen&#8221; use_icon=&#8221;on&#8221; _builder_version=&#8221;4.9.4&#8243; min_height=&#8221;100%&#8221;]<ul>\n<li>Python<\/li>\n<li>Ruby on Rails<\/li>\n<li>Nodejs<\/li>\n<li>Angular<\/li>\n<li>React<\/li>\n<li>PHP<\/li>\n<li>JavaScript<\/li>\n<\/ul>[\/et_pb_blurb][\/et_pb_column][et_pb_column type=&#8221;1_5&#8243; _builder_version=&#8221;4.4.6&#8243;][et_pb_blurb title=&#8221;Mobiilisovelluskehitys&#8221; use_icon=&#8221;on&#8221; _builder_version=&#8221;4.9.4&#8243; min_height=&#8221;100%&#8221;]<ul>\n<li>Android<\/li>\n<li>IOS<\/li>\n<li>Flutter<\/li>\n<li>React Native<\/li>\n<\/ul>[\/et_pb_blurb][\/et_pb_column][et_pb_column type=&#8221;1_5&#8243; _builder_version=&#8221;4.4.6&#8243;][et_pb_blurb title=&#8221;Verkkosivujen suunnittelu ja kehitt\u00e4minen&#8221; use_icon=&#8221;on&#8221; _builder_version=&#8221;4.9.4&#8243; min_height=&#8221;100%&#8221;]<ul>\n<li>Staattiset sivut<\/li>\n<li>WordPress<\/li>\n<li>Portfolio<\/li>\n<li>eCommerce<\/li>\n<li>Custom Theme Development<\/li>\n<\/ul>[\/et_pb_blurb][\/et_pb_column][et_pb_column type=&#8221;1_5&#8243; _builder_version=&#8221;4.4.6&#8243;][et_pb_blurb title=&#8221;Hakukoneoptimointi&#8221; use_icon=&#8221;on&#8221; _builder_version=&#8221;4.9.4&#8243; min_height=&#8221;100%&#8221;][\/et_pb_blurb][\/et_pb_column][et_pb_column type=&#8221;1_5&#8243; _builder_version=&#8221;4.4.6&#8243;][et_pb_blurb title=&#8221;Omistautuneet ty\u00f6ryhm\u00e4t&#8221; use_icon=&#8221;on&#8221; _builder_version=&#8221;4.9.4&#8243; min_height=&#8221;100%&#8221;]<ul>\n<li>Sovellukset pilvipalveluille<\/li>\n<li>Ohjelmistokehitys<\/li>\n<\/ul>[\/et_pb_blurb][\/et_pb_column][\/et_pb_row][\/et_pb_section][et_pb_section fb_built=&#8221;1&#8243; _builder_version=&#8221;4.9.4&#8243; background_color=&#8221;rgba(0,0,0,0)&#8221; custom_padding=&#8221;0px||0px||true|false&#8221; custom_css_before=&#8221;||content: &#8221;;||position: absolute;||left: 0;||bottom: 0;||width: 100%;||background: #F2F5FC;||height: 100px;&#8221; da_disable_devices=&#8221;off|off|off&#8221; global_module=&#8221;2375&#8243; saved_tabs=&#8221;all&#8221; da_is_popup=&#8221;off&#8221; da_exit_intent=&#8221;off&#8221; da_has_close=&#8221;on&#8221; da_alt_close=&#8221;off&#8221; da_dark_close=&#8221;off&#8221; da_not_modal=&#8221;on&#8221; da_is_singular=&#8221;off&#8221; da_with_loader=&#8221;off&#8221; da_has_shadow=&#8221;on&#8221;][et_pb_row column_structure=&#8221;3_5,2_5&#8243; make_equal=&#8221;on&#8221; custom_padding_last_edited=&#8221;on|phone&#8221; _builder_version=&#8221;4.4.8&#8243; background_color=&#8221;#155a73&#8243; background_image=&#8221;https:\/\/www.genesesolution.com\/finland\/wp-content\/uploads\/sites\/2\/2020\/05\/cta-section-bg.svg&#8221; background_size=&#8221;contain&#8221; background_position=&#8221;bottom_right&#8221; custom_margin_last_edited=&#8221;off|desktop&#8221; custom_padding=&#8221;60px|50px|60px|50px|true|true&#8221; custom_padding_tablet=&#8221;&#8221; custom_padding_phone=&#8221;|20px|250px|20px|false|true&#8221; background_last_edited=&#8221;on|phone&#8221; background_image_phone=&#8221;https:\/\/www.genesesolution.com\/finland\/wp-content\/uploads\/sites\/2\/2020\/06\/join-conversation-mobile.svg&#8221; background_enable_image_phone=&#8221;on&#8221; background_size_phone=&#8221;cover&#8221; background_position_phone=&#8221;bottom_center&#8221; border_radii=&#8221;on|4px|4px|4px|4px&#8221; title_text_phone=&#8221;join-conversation-mobile&#8221;][et_pb_column type=&#8221;3_5&#8243; module_class=&#8221;v-center&#8221; _builder_version=&#8221;4.4.6&#8243;][et_pb_text _builder_version=&#8221;4.9.4&#8243; text_text_color=&#8221;#ffffff&#8221; background_layout=&#8221;dark&#8221; custom_margin=&#8221;||0px||false|false&#8221;]<h3 style=\"text-align: left;\">Muunna yrityksesi digitaalinen maisema t\u00e4n\u00e4\u00e4n<\/h3>[\/et_pb_text][et_pb_button button_url=&#8221;https:\/\/www.genesesolution.com\/finland\/contact-us&#8221; button_text=&#8221;Tulla mukaan keskusteluun&#8221; button_alignment=&#8221;left&#8221; _builder_version=&#8221;4.9.4&#8243;][\/et_pb_button][\/et_pb_column][et_pb_column type=&#8221;2_5&#8243; _builder_version=&#8221;4.4.8&#8243;][\/et_pb_column][\/et_pb_row][\/et_pb_section]\n","protected":false},"excerpt":{"rendered":"","protected":false},"author":1,"featured_media":0,"parent":0,"menu_order":0,"comment_status":"closed","ping_status":"closed","template":"","meta":{"_et_pb_use_builder":"on","_et_pb_old_content":"<!-- wp:divi\/placeholder \/-->","_et_gb_content_width":"","_links_to":"","_links_to_target":""},"yoast_head":"<!-- This site is optimized with the Yoast SEO plugin v16.8 - https:\/\/yoast.com\/wordpress\/plugins\/seo\/ -->\n<title>Development | Software solutions | Software Products<\/title>\n<meta name=\"description\" content=\"We&#039;re the development firm you&#039;ve been looking for. We deliver custom and platform-based Software solutions &amp; back them up with thorough support &amp; maintenance.\" \/>\n<meta name=\"robots\" content=\"index, follow, max-snippet:-1, max-image-preview:large, max-video-preview:-1\" \/>\n<link rel=\"canonical\" href=\"https:\/\/www.genesesolution.com\/finland\/development\/\" \/>\n<meta property=\"og:locale\" content=\"en_US\" \/>\n<meta property=\"og:type\" content=\"article\" \/>\n<meta property=\"og:title\" content=\"Development | Software solutions | Software Products\" \/>\n<meta property=\"og:description\" content=\"We&#039;re the development firm you&#039;ve been looking for. We deliver custom and platform-based Software solutions &amp; back them up with thorough support &amp; maintenance.\" \/>\n<meta property=\"og:url\" content=\"https:\/\/www.genesesolution.com\/finland\/development\/\" \/>\n<meta property=\"og:site_name\" content=\"Genese Solution Finland\" \/>\n<meta property=\"article:modified_time\" content=\"2021-08-04T09:28:43+00:00\" \/>\n<meta name=\"twitter:card\" content=\"summary_large_image\" \/>\n<meta name=\"twitter:label1\" content=\"Est. reading time\" \/>\n\t<meta name=\"twitter:data1\" content=\"2 minutes\" \/>\n<script type=\"application\/ld+json\" class=\"yoast-schema-graph\">{\"@context\":\"https:\/\/schema.org\",\"@graph\":[{\"@type\":\"WebSite\",\"@id\":\"https:\/\/www.genesesolution.com\/finland\/#website\",\"url\":\"https:\/\/www.genesesolution.com\/finland\/\",\"name\":\"Genese Solution Finland\",\"description\":\"Creating you the best\",\"potentialAction\":[{\"@type\":\"SearchAction\",\"target\":{\"@type\":\"EntryPoint\",\"urlTemplate\":\"https:\/\/www.genesesolution.com\/finland\/?s={search_term_string}\"},\"query-input\":\"required name=search_term_string\"}],\"inLanguage\":\"en-US\"},{\"@type\":\"WebPage\",\"@id\":\"https:\/\/www.genesesolution.com\/finland\/development\/#webpage\",\"url\":\"https:\/\/www.genesesolution.com\/finland\/development\/\",\"name\":\"Development | Software solutions | Software Products\",\"isPartOf\":{\"@id\":\"https:\/\/www.genesesolution.com\/finland\/#website\"},\"datePublished\":\"2020-06-01T01:34:40+00:00\",\"dateModified\":\"2021-08-04T09:28:43+00:00\",\"description\":\"We're the development firm you've been looking for. We deliver custom and platform-based Software solutions & back them up with thorough support & maintenance.\",\"breadcrumb\":{\"@id\":\"https:\/\/www.genesesolution.com\/finland\/development\/#breadcrumb\"},\"inLanguage\":\"en-US\",\"potentialAction\":[{\"@type\":\"ReadAction\",\"target\":[\"https:\/\/www.genesesolution.com\/finland\/development\/\"]}]},{\"@type\":\"BreadcrumbList\",\"@id\":\"https:\/\/www.genesesolution.com\/finland\/development\/#breadcrumb\",\"itemListElement\":[{\"@type\":\"ListItem\",\"position\":1,\"name\":\"Home\",\"item\":\"https:\/\/www.genesesolution.com\/finland\/\"},{\"@type\":\"ListItem\",\"position\":2,\"name\":\"Ohjelmistokehitys\"}]}]}<\/script>\n<!-- \/ Yoast SEO plugin. -->","yoast_head_json":{"title":"Development | Software solutions | Software Products","description":"We're the development firm you've been looking for. We deliver custom and platform-based Software solutions & back them up with thorough support & maintenance.","robots":{"index":"index","follow":"follow","max-snippet":"max-snippet:-1","max-image-preview":"max-image-preview:large","max-video-preview":"max-video-preview:-1"},"canonical":"https:\/\/www.genesesolution.com\/finland\/development\/","og_locale":"en_US","og_type":"article","og_title":"Development | Software solutions | Software Products","og_description":"We're the development firm you've been looking for. We deliver custom and platform-based Software solutions & back them up with thorough support & maintenance.","og_url":"https:\/\/www.genesesolution.com\/finland\/development\/","og_site_name":"Genese Solution Finland","article_modified_time":"2021-08-04T09:28:43+00:00","twitter_card":"summary_large_image","twitter_misc":{"Est. reading time":"2 minutes"},"schema":{"@context":"https:\/\/schema.org","@graph":[{"@type":"WebSite","@id":"https:\/\/www.genesesolution.com\/finland\/#website","url":"https:\/\/www.genesesolution.com\/finland\/","name":"Genese Solution Finland","description":"Creating you the best","potentialAction":[{"@type":"SearchAction","target":{"@type":"EntryPoint","urlTemplate":"https:\/\/www.genesesolution.com\/finland\/?s={search_term_string}"},"query-input":"required name=search_term_string"}],"inLanguage":"en-US"},{"@type":"WebPage","@id":"https:\/\/www.genesesolution.com\/finland\/development\/#webpage","url":"https:\/\/www.genesesolution.com\/finland\/development\/","name":"Development | Software solutions | Software Products","isPartOf":{"@id":"https:\/\/www.genesesolution.com\/finland\/#website"},"datePublished":"2020-06-01T01:34:40+00:00","dateModified":"2021-08-04T09:28:43+00:00","description":"We're the development firm you've been looking for. We deliver custom and platform-based Software solutions & back them up with thorough support & maintenance.","breadcrumb":{"@id":"https:\/\/www.genesesolution.com\/finland\/development\/#breadcrumb"},"inLanguage":"en-US","potentialAction":[{"@type":"ReadAction","target":["https:\/\/www.genesesolution.com\/finland\/development\/"]}]},{"@type":"BreadcrumbList","@id":"https:\/\/www.genesesolution.com\/finland\/development\/#breadcrumb","itemListElement":[{"@type":"ListItem","position":1,"name":"Home","item":"https:\/\/www.genesesolution.com\/finland\/"},{"@type":"ListItem","position":2,"name":"Ohjelmistokehitys"}]}]}},"_links":{"self":[{"href":"https:\/\/www.genesesolution.com\/finland\/wp-json\/wp\/v2\/pages\/3690"}],"collection":[{"href":"https:\/\/www.genesesolution.com\/finland\/wp-json\/wp\/v2\/pages"}],"about":[{"href":"https:\/\/www.genesesolution.com\/finland\/wp-json\/wp\/v2\/types\/page"}],"author":[{"embeddable":true,"href":"https:\/\/www.genesesolution.com\/finland\/wp-json\/wp\/v2\/users\/1"}],"replies":[{"embeddable":true,"href":"https:\/\/www.genesesolution.com\/finland\/wp-json\/wp\/v2\/comments?post=3690"}],"version-history":[{"count":11,"href":"https:\/\/www.genesesolution.com\/finland\/wp-json\/wp\/v2\/pages\/3690\/revisions"}],"predecessor-version":[{"id":11793,"href":"https:\/\/www.genesesolution.com\/finland\/wp-json\/wp\/v2\/pages\/3690\/revisions\/11793"}],"wp:attachment":[{"href":"https:\/\/www.genesesolution.com\/finland\/wp-json\/wp\/v2\/media?parent=3690"}],"curies":[{"name":"wp","href":"https:\/\/api.w.org\/{rel}","templated":true}]}}